t s(d) = 1 - 2*d + 6*d + 2*d - 8*d - 5*d**2. Calculate s(1).
-6
Let l(m) = -5*m**3 - 9*m**2 + 10*m + 10. Let o(c) = -c**3 - c**2 + c + 1. Let y(w) = -l(w) + 4*o(w). Calculate y(-6).
-6
Let i(l) be the first derivative of 8*l**3/3 - l**2/2 - l + 11. Give i(-1).
8
Let g = -2 - -5. Suppose g*q = 3*o - 4*o + 8, -o + 3*q = -2. Let h(p) be the third derivative of -p**4/12 + p**3 + 18*p**2. Calculate h(o).
-4
Let x(c) = 6*c - 4. Let j(o) = 7*o - 4. Let d(a) = -5*j(a) + 6*x(a). Let f(y) = 5*y - 53. Let q be f(10). Determine d(q).
-7
Let d(a) = -a**2 - a + 2. Let v(n) = -7*n**2 - 12*n + 17. Let h(z) = 5*d(z) - v(z). Determine h(-6).
23
Suppose -6*p - 2*t = -3*p - 17, -5*p + 20 = -5*t. Let i(o) = o**2 - 4 + 0 - p + 7*o + 4. Calculate i(-7).
-5
Let o be 32/18 + 4/18. Let g = -2 + o. Suppose -2*y - 3*y + 5 = g. Let m(b) = 7*b**3 + 2*b**2 - 2*b + 1. What is m(y)?
8
Suppose 9 = -3*x + 5*m, -4*x - 3*m - 8 = 4. Let q(v) = v**3 + 3*v**2 + v - 1. Determine q(x).
-4
Let u be ((-2)/(-8))/((-1)/4). Let b(v) = -5*v**3 + 2*v**2 + v. Determine b(u).
6
Let v(y) = 0*y**2 + 2*y**2 + 6*y - 5 - 3*y**2. Suppose -2*p = -p. Suppose k - d - 8 = -p*k, 5*k = 2*d + 31. Calculate v(k).
0
Let x(d) be the third derivative of d**5/60 + d**2. Let w be 2/3*(-9)/(-6). Calculate x(w).
1
Let i be (4*-1)/(-1 + 5 + -2). Let m(r) = -r - 1. Give m(i).
1
Suppose -2*f = 7 - 1. Let y(i) = -i**2 - 7*i - 7. Let h(s) = s**2 + 6*s + 6. Let d(k) = f*y(k) - 4*h(k). Calculate d(-3).
-3
Let q(n) = -9 + 0*n - n**2 + 7*n + 2*n - 2*n. Give q(6).
-3
Let p be (75/(-10))/(-3) + (-3)/(-2). Let r(k) = -k**2. Give r(p).
-16
Let c(i) = i - 7. Let p(h) = -1. Let r(n) = -c(n) + 2*p(n). Determine r(3).
2
Let c(n) be the second derivative of n**7/840 + n**6/72 + n**5/30 - n**4/6 + n**3/6 + n. Let z(o) be the second derivative of c(o). Determine z(-4).
-4
Let g(k) = -4*k**2 + 5*k + 2. Let h(n) = 3*n**2 - 4*n - 1. Let z be ((-10)/(-3))/(6/9). Let t(s) = z*h(s) + 4*g(s). Give t(-3).
-6
Suppose 2*u = 6 + 2. Suppose u = -2*l - 4, -i + l = -10. Suppose -5*a + 10 = 0, 5*c - 1 = 4*a + i. Let d(g) = -g**2 + g. What is d(c)?
-6
Suppose -26*l = -31*l - 25. Let a(f) = -f**2 - 5*f - 5. Give a(l).
-5
Let v(j) = -10*j - 4*j + 1 - 5*j + 0. Calculate v(1).
-18
Let o = -11 + 7. Let d(v) = -v**3 - 4*v**2. Let y be d(o). Let x(m) = m**3 - m**2 + m + 8. Determine x(y).
8
Let t(y) = y**3 + 4*y**2 - 6*y - 2. Suppose 7 + 29 = 4*b. Suppose v - 1 = 3*l, 3*v - 4*l + b = -l. Give t(v).
3
Let b(a) be the first derivative of -9*a**4/4 - 2*a**3/3 + a**2/2 + 2*a + 3. Let p(n) = -n**2 + 1. Let w(y) = b(y) - p(y). Determine w(-1).
8
Let v(f) = -7*f**3 + f**2 + f + 1. Suppose 16 = -5*i - 2*m, -3*i + 5*i + 16 = 4*m. Let c be 2/i - 15/6. Let l = -4 - c. What is v(l)?
8
Suppose -5 = -n - 3*d, -5*n - 3*d = -27 - 10. Let z = -5 + n. Let t(m) = 4 + 7*m**2 - m**z + 1 - 5*m - m**2. Give t(5).
5
Suppose 0 = -i + 7*i + 24. Let c(s) be the second derivative of s**5/20 + s**4/4 - s**3/2 + 5*s**2/2 + 3*s. Determine c(i).
1
Let t(k) be the second derivative of -k**4/12 - 7*k**3/6 - k**2/2 + 9*k. Calculate t(-5).
9
Let f(b) = -b + 2. Let n(d) = -d + 1. Let x be n(1). Suppose t + 2*t = x. Give f(t).
2
Suppose 0 = 8*k - 4*k. Let q(c) = -5*c**2 - 6*c**3 + 5*c**3 - 2*c + k*c**2 + 6*c**2. Calculate q(2).
-8
Suppose -w - 2 = 1. Let r be (w*(-8)/6)/1. Let x(j) = -24*j**2 - 23*j**2 + 43*j**2 - 4 + j**3. Determine x(r).
-4
Let d(s) = -4*s**2 + 4*s + 6. Let g(f) = -2*f**2 + 2*f + 3. Let v(a) = 3*d(a) - 5*g(a). Let x(b) = b**2 + 6*b + 6. Let h be x(-4). What is v(h)?
-9
Let b(h) = -h**2 + 9*h + 24. Let p be b(11). Let i(a) = -a**3 + 3*a**2 + 2*a - 3. Calculate i(p).
5
Suppose 5*o - 2 = 4*k - 163, -3*o = k - 36. Suppose 0 = 4*p - 3*m - k, 3*p - 5*m - 55 + 12 = 0. Let t(s) = -s + 4. What is t(p)?
-2
Suppose 1 - 33 = -8*z. Let t(x) = x**3 - 4*x**2 - 3*x + 5. Determine t(z).
-7
Let t(r) = 13*r**3 + 23*r**2 + 17*r - 15. Let z(g) = -7*g**3 - 12*g**2 - 9*g + 8. Let x(s) = -6*t(s) - 11*z(s). Suppose -32*m + 5 = -33*m. Give x(m).
-8
Let i(m) be the third derivative of m**6/120 + 3*m**5/10 + 2*m**4/3 - 19*m**3/6 + 7*m**2. Let v be i(-17). Let f(o) = -o - 1. Calculate f(v).
1
Let y(g) = 0 - 2*g - 3 + 0*g. Let x be 2/4*(-28)/(-2). Let p be 2/x + (-32)/14. Calculate y(p).
1
Let x(j) = j**2 + j - 4. Let p be (-3)/(2*15/(-40)). Give x(p).
16
Let k(r) = r**2 + 9*r - 27. Let w be k(-11). Let u(i) be the first derivative of i**2/2 - i + 1. Let o(l) = 1. Let p(a) = o(a) - u(a). Determine p(w).
7
Let w = 23 - 28. Let m(s) = -s**2 - 7*s - 3. What is m(w)?
7
Let x(k) = -4*k**2 + 3*k - 1. Let c = -57 + 59. Give x(c).
-11
Suppose -3*w + 15 = -0*w. Let c be 0 + (3 - w) + 4. Let d(b) = -b**2 + 2*b - 1. Give d(c).
-1
Let v(n) = n**3 + 4*n**2 + 4. Let b(a) = 4*a**2 + 35*a + 47. Let p(x) = -x**2 - 9*x - 12. Let k(y) = 2*b(y) + 9*p(y). Let t be k(-10). Determine v(t).
4
Let m(f) = -f**2 - 4*f + 7. Let r(p) = p**3 - 5*p**2 + 2*p + 2. Let g be r(4). Determine m(g).
-5
Let o(q) = -q**3 + 6*q**2 - 4*q - 1. Suppose 0*k = -k + 5. Give o(k).
4
Let b(d) = 7*d + 2. Let f(w) = -13*w - 4. Let y(v) = -5*b(v) - 2*f(v). Calculate y(-2).
16
Let n(c) = 5*c**2 - 2*c + 17. Let x(t) be the first derivative of 2*t**3/3 - t**2/2 + 6*t - 1. Let i(k) = 3*n(k) - 8*x(k). Determine i(3).
0
Let k(q) = q**2 - 9*q + 4. Suppose 2*u - 42 = -3*s - 2*s, 3*s - 4*u - 20 = 0. Determine k(s).
-4
Let w be 16/(-6) - (-2)/(-6). Let a(l) be the first derivative of l**3/3 + l**2/2 - 3*l + 17. Give a(w).
3
Let z(j) be the second derivative of j**4/12 - j**3/3 + j**2 - 20*j. Let i(r) = 1 - 2*r**3 + 3*r**3 - 3*r**2 + 5*r**2 - 2*r. Let o be i(1). What is z(o)?
2
Let q(t) = t**2 + 8*t + 3. Suppose -3*d - 7 = 5*y, -3*d - 3 - 8 = 4*y. Give q(d).
12
Let a(z) = -4*z**2 + 4*z - 1. Let r(k) = -3*k**2 + 5*k - 2. Let d(g) = 2*a(g) - 3*r(g). What is d(6)?
-2
Let x(s) = s**2 + 4*s - 4. Suppose -m = 2 + 1, -4*g + 33 = m. Let h = -15 + g. Determine x(h).
8
Let t(q) = q**2 + 3*q. Let w = -5 + 9. Suppose -2*s = w*o, 0 = -3*s + s - o - 6. What is t(s)?
4
Suppose 0 = -3*u + 9 - 0. Let t(f) = 11 - 3*f - 2*f - 4 + f**u + 4*f**2. What is t(-5)?
7
Suppose 20 = -5*h + 4*n, 3*h - 3*n + 0*n = -15. Let a(l) = h*l - 3*l + l. Give a(4).
-8
Let v(k) = -2*k. Let d be (-1)/(-3 - 4/(-2)). Give v(d).
-2
Let l(c) = 1 - 3 + c**2 + 2*c + 4 + 2. Let m(p) = 2*p**2 + p + 4. Let v(u) = 4*l(u) - 3*m(u). Give v(4).
-8
Let s(z) be the first derivative of z**4/4 - z**2/2 + z + 1. Let n be (-3)/(-15) - ((-3)/(-15) + 2). Determine s(n).
-5
Let o(c) = 2 + 0 - 1 - 3*c. Suppose 4*q - 12 = 4*x, -5*q - 4 = 5*x - 29. Determine o(x).
-2
Let m(y) be the first derivative of y**4/4 + 8*y**3/3 + 5*y**2/2 - 9*y + 7. Determine m(-7).
5
Let r(o) = 2*o + 3*o - 3*o - 4*o + 1. What is r(-3)?
7
Suppose a = -a. Let p be ((-12)/8 + a)*-2. Let r(n) = -n - 4. What is r(p)?
-7
Suppose -l = -2*j + 3*j, -4*l = 20. Suppose 0 = j*c - 4 - 11. Let u(d) = 2*d + 0 - 2*d**3 - 1 - c*d**2 + 2*d**2. What is u(1)?
-2
Suppose 10 + 2 = 3*s. Let o(n) = -2*n**2 - 3*n - 1. Let v(z) = -z**2 + 1. Let d(k) = o(k) - 3*v(k). What is d(s)?
0
Let a(f) = -4 - 4*f + 5 - 2*f. Give a(1).
-5
Let n(v) = v + 7. Let g = -9 - -17. Suppose 30 = -3*w + 4*z, 3*z = 2*w - 2*z + 13. Let f = w + g. Calculate n(f).
1
Let r be (10/8)/((-4)/(-16)). Let j(n) = -3 - r + 5 - n + 2*n. Calculate j(5).
2
Let q(z) = -9*z + 3. Let c(k) = -4*k + 1. Let r(m) = 10*c(m) - 4*q(m). Let s = 1 + 3. Let g = 1 - s. Calculate r(g).
10
Let z(b) be the first derivative of 3*b**3 - 17*b**2/2 - 14*b - 4. Let g(l) = -5*l**2 + 9*l + 7. Let s(k) = 7*g(k) + 4*z(k). Let c = 12 + -6. Calculate s(c).
-1
Let i(r) = -r**3 + 4*r**2 - 2*r + 1. Suppose 3*g = -3, 5*v + 3 = -2*g - 14. Let o be (v - -1)/(2/(-3)). Calculate i(o).
4
Let x be (1/(-1) + -3)*-1. Let m be x + -4 + (-2)/(-2). Let h(n) = 3*n**3 + n. Let v be h(m). Let b(j) = j**3 - 4*j**2 - 1. Determine b(v).
-1
Suppose -b + 6 = 2*s - 4*s, 0 = 3*b + 2*s - 18. Suppose 0*d = -d + b. Let x(w) be the second derivative of w**5/20 - w**4/2 - w**3/6 + 23*w. What is x(d)?
-6
Suppose j - 8 = -3*j. Let r(w) = -w**3 - 2*w**2 - 7*w**j + w**2 + 4*w**2 + 1 - 4*w. Determine r(-3).
4
Let t(r) = 2*r**3 - 29*r**2 + 11*r + 34. Let f be t(14). Let h(g) = 2*g + 8. What is h(f)?
-8
Let d(b) = -b + 3. Suppose -1 = 3*q + 5. Let j be 1/(q + 13/6). What is d(